reatest common divisor of v and 63?
9
Suppose -f = 3*z - 107, 0*f = 3*f + 3. Let b = 17 - -7. Calculate the greatest common divisor of z and b.
12
Suppose 21 = 4*d - n, -3*d + 0*n + 7 = n. What is the greatest common factor of d and 8?
4
Let q = 1255 - 856. What is the greatest common divisor of q and 21?
21
Let h = 103 + -52. Let b = h - 24. Let k = 6 + 12. What is the highest common divisor of k and b?
9
Let f(p) = -p**3 + 4*p**2 + 5*p - 2. Let c be f(3). Calculate the greatest common divisor of c and 2.
2
Suppose 0 = -2*b + 19 + 21. What is the highest common factor of b and 4?
4
Suppose r + 37 = 4*x, 0 = -0*r + 5*r + 5. Suppose -97 - 299 = -4*m. Calculate the greatest common factor of m and x.
9
Suppose 0*x + 5*x = 25. Calculate the highest common divisor of 15 and x.
5
Let d(g) = g - 4. Let i be d(15). What is the greatest common divisor of i and 88?
11
Let g = 41 + -37. Calculate the greatest common factor of 10 and g.
2
Let k be 3 + (0 + 1)*(-5)/(-5). Let b(a) = 2*a**3 - 4*a**2 + 2*a. Let x be b(2). What is the greatest common divisor of x and k?
4
Let z be ((-66)/8)/(4/(-16)). Calculate the highest common divisor of 198 and z.
33
Suppose 11*m = 17*m - 192. Calculate the highest common factor of 32 and m.
32
Let t be 0/((-8)/(-2)) + 19. Calculate the highest common divisor of t and 152.
19
Let l(s) = 2*s**2 + 9*s + 5. Let z be l(-5). What is the greatest common divisor of z and 190?
10
Suppose 4*x + x - 15 = 0. Suppose 0 = x*y + 1 + 5. Let l be -3 - (-2 - (-8)/y). What is the highest common factor of 12 and l?
3
Let j(d) = 4*d**2 - 12*d + 10. Let w be j(5). Calculate the highest common divisor of w and 25.
25
Let c(k) = 3*k**3 - k - 3. Let o be c(2). What is the highest common divisor of 95 and o?
19
Suppose -5 + 3 = -o. Suppose -60 = -o*r + 80. Calculate the highest common factor of r and 14.
14
Let h = -11 + 17. Let m(j) = -j**2 + 6*j + 1. Let v be m(5). What is the greatest common factor of h and v?
6
Suppose -z + 2*k = -5 - 0, z = -3*k + 15. Calculate the highest common divisor of 3 and z.
3
Suppose o + 6 = 17. What is the highest common divisor of o and 66?
11
Let v = 0 - -56. Suppose 0 = 5*x - 70. Calculate the highest common divisor of v and x.
14
Let m = 121 + -115. Calculate the greatest common factor of m and 66.
6
Suppose -2*s = -l + 24, 4*l - 147 + 51 = 4*s. What is the greatest common divisor of 3 and l?
3
Suppose 3*l - 19 = l + r, -31 = -5*l - 3*r. Suppose 0 = -5*u - 2*m + 160, -3*u + u - 4*m = -64. Calculate the highest common factor of l and u.
8
Suppose g + 3*g - 8 = 0. Let h be (34*6)/g - 2. Calculate the highest common divisor of h and 20.
20
Suppose -2*l = 3*r + 2*l + 13, 0 = -4*r + l + 8. What is the highest common factor of 8 and r?
1
Let x(h) be the third derivative of h**4/12 + h**3/6 - 3*h**2. Let s be x(6). Let z be 0 + (s/1 - -2). What is the greatest common factor of 10 and z?
5
Let c be (-5 - -2)/(-3) + 6. Calculate the greatest common factor of c and 7.
7
Let c = -31 + 63. Suppose 5*u - 2*z = 2*z + 240, -3*u + z = -144. What is the greatest common factor of c and u?
16
Let d be 11/(-44) - 759/(-12). Calculate the highest common divisor of d and 9.
9
Let x = -8 - -23. Let b = -5 - -10. Calculate the greatest common divisor of b and x.
5
Let m(a) = 6*a - 16. Let w be m(5). What is the highest common factor of 7 and w?
7
Suppose -10 = -4*p - p. Suppose -3*r - p*g + 22 = -0*g, -4*r + 4*g + 16 = 0. What is the highest common factor of r and 3?
3
Let d(m) = 167*m**2 + m - 1. Let f be d(-1). What is the greatest common divisor of 110 and f?
55
Suppose -7*l + 2*l + 3*j = -269, 0 = -2*j + 4. Suppose -3*v + 71 = -l. Let c be -1 + 0 - 15/(-1). What is the highest common factor of v and c?
14
Let p(s) = 11*s**2 - s + 1. Let w be p(1). Suppose 3*z - 50 + w = 0. Let g = z - -11. What is the greatest common factor of g and 36?
12
Suppose 6*i - 2*i = -5*m + 45, 25 = 5*m. Suppose 95 = 4*w + i*n - 105, -50 = -w - 3*n. What is the highest common divisor of 10 and w?
10
Let j be 16*(4 - 2)*-4. Let b = -47 - j. Let c = -42 + 51. What is the highest common divisor of c and b?
9
Let k(p) = -18*p + 2. Let l be k(-1). Calculate the greatest common divisor of l and 30.
10
Suppose -4*d + 0 = 16. Let h = 16 + -32. Let w = d - h. What is the highest common factor of w and 48?
12
Let y = -67 + 95. Calculate the greatest common divisor of 7 and y.
7
Suppose -4*u = 6*j - j - 8, u = -j + 2. Suppose 0 = -j*r - r + 17. Let b = r - 1. Calculate the highest common factor of 32 and b.
16
Suppose 4*k + 5 - 45 = 0. Let t(g) = g**3 - 6*g**2 + 2*g + 3. Let z be t(6). Calculate the highest common factor of z and k.
5
Suppose 0 = -3*c + 1 + 11. Calculate the greatest common divisor of 12 and c.
4
Suppose 3*i = 4*i. Let k(z) = i + 14*z - 2 - 4*z + 0. Let l be k(2). What is the highest common divisor of 9 and l?
9
Let m(q) = -q**3 - 7*q**2 + 11*q + 4. Let b be m(-8). Let z be ((-1)/2)/(1/b). Calculate the highest common factor of z and 70.
10
Let a be 7/(-28) + 9/4. What is the highest common divisor of a and 14?
2
Let q be 22 + (2 - (6 - 2)). Let c be (-8)/q + (-282)/(-5). Suppose 4*n + 2*x + 0*x - 38 = 0, 4*n + 5*x - 47 = 0. What is the highest common factor of c and n?
8
Suppose -5*l + 5*a + 30 = 0, 3 = -a - 0. Let n be ((-6)/4)/(l/(-4)). Suppose k - 48 = -n*k. Calculate the greatest common factor of k and 144.
16
Let u = 32 - 31. What is the highest common divisor of 11 and u?
1
Suppose -14*c + 180 = -5*c. Calculate the greatest common divisor of c and 140.
20
Let v be (50/6)/(2/12). What is the greatest common factor of v and 20?
10
Suppose 3*d = -3, 5*d + 79 - 20 = 2*b. What is the highest common factor of 6 and b?
3
Let u(r) = r**2 + 11*r + 11. Let j be u(-11). Let t = 14 - j. Suppose 0 = 5*p + 7 - 22. What is the greatest common factor of p and t?
3
Let g be 944/120 - (-2)/15. Let c(a) = a**2 - a - 2. Let h be c(-2). What is the greatest common divisor of h and g?
4
Let h(p) = -p**2 + 8*p - 5. Let n be h(7). Calculate the greatest common factor of n and 18.
2
Suppose 2*c + 34 = 4*s - 68, 99 = 4*s - 3*c. What is the highest common factor of s and 18?
9
Let y(l) = l + 32. Let d be y(0). Let k = 65 - d. What is the highest common factor of 22 and k?
11
Let c = -30 + 16. Let m = -10 - c. Let r = 29 - 17. What is the highest common factor of m and r?
4
Let p = 1 - 0. Let l be (2 - p - 3) + 0. Let t be (-1 - -4)/(l/(-14)). What is the greatest common divisor of t and 231?
21
Suppose -5*z + 826 = 161. Suppose 0*b = -2*b. Suppose 2*j + 70 = 4*f - 0*j, b = -2*f + 5*j + 23. Calculate the greatest common factor of f and z.
19
Suppose 0 = 2*d + 6, 0*d - 581 = 4*g - d. Let a = 234 + g. Let n be ((-14)/5 + 2)*-10. What is the greatest common factor of n and a?
8
Let v be 11/33*(14 - -1). What is the highest common factor of v and 55?
5
Suppose 4*n = 4*a + 368, -2*n - a + 202 = 30. Calculate the greatest common divisor of n and 11.
11
Let b be ((-9)/(-6) - 2)*-10. Suppose -4*u + 1397 = b*r - 225, -4*u - 8 = 0. Let z be (-4)/(-6) - r/(-6). Calculate the highest common divisor of z and 5.
5
Suppose -3*t - 142 = -6*t - 4*j, -3*t + 147 = 3*j. What is the greatest common factor of 6 and t?
6
Let w be 551/76 + (-6)/(-8). Suppose w = 7*r - 3*r. Calculate the highest common divisor of 1 and r.
1
Let b(a) be the second derivative of 27*a**5/10 + a**4/12 - a**3/6 + a**2/2 - a. Let s be b(1). Calculate the greatest common divisor of 5 and s.
5
Suppose g = -0*g + 1. Calculate the highest common divisor of g and 3.
1
Let a = -22 - -51. What is the highest common divisor of 232 and a?
29
Let d = 78 - 7. Suppose -d = -i + 52. Suppose -4 = -3*n - 13, i = 4*z + 3*n. What is the greatest common factor of z and 11?
11
Let g be (19 + 0)*(5 + -4). Calculate the highest common divisor of g and 19.
19
Let s(q) = -q**3 - q**2 + 2*q - 7. Let d be s(5). Let n = 207 + d. Calculate the greatest common divisor of n and 40.
20
Let u = 2 - 1. Let w be (-66)/2 - (2 - u). Let x be (-3)/9*(w + 1). What is the highest common divisor of 11 and x?
11
Suppose -c - 34 = -4. Let n be (1 - c) + 2/(-2). Suppose -3*a + 58 + 2 = 0. Calculate the highest common divisor of a and n.
10
Suppose -7 = -6*n + 2*n + 3*i, i - 4 = -5*n. What is the highest common factor of 1 and n?
1
Let l(j) = -9*j + 2. Le